units digit of d - (-104)/88 - (-306)/11?
8
Suppose 0*l + l = 4*b + 51, -27 = -l - 2*b. Let c = -31 + l. Suppose -c*a = 4*f - 172, 4*f = 5*a - 0*f - 170. What is the units digit of a?
8
Let w = -762 + 1028. What is the hundreds digit of w?
2
Suppose 10*h = 1257 + 6213. What is the units digit of h?
7
Let w(a) = 11*a**2 + 6*a - 7. Let r(z) = -10*z**2 - 6*z + 6. Let c(f) = -5*r(f) - 4*w(f). Let k be c(4). Let s = k - 76. What is the units digit of s?
2
Suppose -495 = -6*v + 567. Let y = 251 - v. What is the units digit of y?
4
Let i be (3/(9/(-3)))/1. Let n = 14 - 16. What is the units digit of -2 + 4 + (i - n)?
3
Let t(n) = -2*n - 11. Let r be t(-6). Let w(f) = 24*f**2 + f - 1. What is the tens digit of w(r)?
2
Let q(a) = -2*a + 20. Let o be q(-18). What is the units digit of 8246/o - 2/(10 + -2)?
7
Let a = 2 - 8. Let z(w) = w**3 + 6*w**2 + w + 6. Let s be z(a). Suppose 3*t - 7 - 5 = s. What is the units digit of t?
4
Suppose -4*b - 176 = -4*l, 17*l - 14*l = b + 134. What is the units digit of l?
5
Let c = 29 + -28. What is the units digit of 50/((-4 - 63/(-15))*c)?
0
Let f be 152/36 - (-8)/(-36). Suppose 675 = f*m - k, 3*m = -m - 2*k + 690. What is the tens digit of m?
7
Let k(b) = b**2 + 7*b - 18. Let v be k(-9). Suppose 5*z + 2*s = 5, -3*z - 4*s - 9 + 26 = v. What is the units digit of z - (-98)/(2 - 0)?
8
What is the hundreds digit of 69/((-678)/348 + 2)?
3
Suppose 2*b = -b. Suppose -4*n = -12, 3*i + 5*n - 31 - 74 = b. Suppose 40 = 3*t - 4*j, -6 + i = t - 4*j. What is the units digit of t?
8
Let k(n) = 4*n**2 + 4*n - 4. Let w be 153/6 - (-15)/10. Let x be (-4)/28 - w/7. What is the units digit of k(x)?
4
Let a(l) be the second derivative of 11*l**3/6 + l**2 + 2*l. Let m = 129 + -126. What is the units digit of a(m)?
5
Let v(z) = z**3 + 24*z**2 + 79*z + 18. What is the units digit of v(-8)?
0
Suppose 0 = 2*v - v + 92. Let p = -38 - v. What is the units digit of p?
4
Let f = 1389 - -134. What is the hundreds digit of f?
5
Let o(w) = -1. Let n(i) = -i + 2. Let p(h) = n(h) + 4*o(h). Let s be p(-2). Let k(t) = -t**3 - t**2 + 17. What is the tens digit of k(s)?
1
Let h(p) = -11*p + 1. Suppose -6 = 11*x - 5*x. What is the units digit of h(x)?
2
Let q be 1/((-3)/3) - -6*1. Suppose o - 120 = -0*o - 4*y, -q*o - 4*y = -632. What is the hundreds digit of o?
1
Let w = -13 - -8. What is the hundreds digit of (-2 + (-562)/4)*4/w?
1
Suppose -22*i - 3674 = -24*i. What is the hundreds digit of i?
8
Suppose 4*r + 4*l = 84, 6*r - 5*l = 3*r + 47. Let m = r - 14. Suppose 0 = -m*i - 3*a + 102, 0*i - 86 = -5*i + a. What is the tens digit of i?
1
Let b(f) = f**3 + 23*f**2 - 102*f - 32. What is the tens digit of b(-20)?
0
Let o = -8 - -10. Suppose -d = -4*s - 13, 3*s = -3*d + o*d - 1. What is the tens digit of 4 + -5 - (s + -21)?
2
Suppose -2*z - c = -31 - 2300, 0 = -4*c + 12. What is the tens digit of z?
6
Suppose h = 3*x - 9 - 10, x - 11 = -2*h. Suppose 5*v = 3*i + 14, v - x = 2*i - 0*v. What is the units digit of (5 + i)/((-4)/(-46))?
3
Let r be (107 - 2) + 6/2. Suppose 0*o + r = 3*o. Suppose -6 = 3*t - o. What is the tens digit of t?
1
Let d = -49 - -99. Let i = d - 28. What is the units digit of i?
2
Let l(h) = -20*h + 226. What is the tens digit of l(-14)?
0
Let h = -133 + 277. Suppose 3*b + 42 - h = 0. What is the units digit of b?
4
Let p be 6 + (1 - 6) + 1 + 1. Suppose 0 = -p*t + w + 23, -w - 3 = -t + 4. What is the units digit of t?
8
Suppose -5*r = 2*o - 1257, -11*r - 5*o = -7*r - 992. What is the hundreds digit of r?
2
What is the units digit of (-18308)/(-115) - -1*(-2)/10?
9
Suppose -12*o + 10*o + 208 = 0. Let z = o - 59. What is the tens digit of z?
4
Let p = -890 - -1382. What is the hundreds digit of p?
4
Let s(w) = w**3 + 6*w**2 + 4*w + 7. Let n be s(-6). Let h = 23 + n. What is the units digit of 16/(2 + (-9)/h)?
2
Suppose 4*q - 21 = 3*q. Let s(m) = 4*m - 15. What is the units digit of s(q)?
9
Let x = -203 - -379. What is the units digit of x?
6
Suppose 3*r + 3 = -0, -5*r = -2*v + 3319. What is the thousands digit of v?
1
Let b(c) = c**2 + 5*c + 5. Let k(i) = 4*i**2 + 9 + 0*i - 2*i**2 - 3*i**2 + i. Let v be k(-4). What is the tens digit of b(v)?
7
Let p(w) = -132*w - 617. What is the hundreds digit of p(-23)?
4
Suppose 3*w - 10810 = -4*o, -10778 = -3*w + 232*o - 228*o. What is the thousands digit of w?
3
Let o be (-1)/(-2) + 1/(-2). Let s(q) = 12*q**2 - 6*q + 51. Let k(u) = -5*u**2 + 2*u - 26. Let i(v) = -5*k(v) - 2*s(v). What is the units digit of i(o)?
8
Let p(r) = -r**3 - 19*r**2 + r + 339. What is the tens digit of p(-23)?
3
Let i(c) = 321*c + 1058. What is the tens digit of i(9)?
4
Suppose -m + 3*s + 15 = 0, 0 = 3*s - 0 - 3. Suppose -t + 5*t - 2*q - 116 = 0, -t = 5*q - m. Let r = t - 10. What is the tens digit of r?
1
Let d(a) = 3*a**3 - 5*a**2 + 12*a - 8. What is the hundreds digit of d(7)?
8
What is the tens digit of 410 + 7 - (0 + 0 - 5)?
2
Suppose -w = -4*s + 36, 4*w = -2*s + 39 - 3. Suppose -34 = -s*j + 12*j. Let x = j - -39. What is the units digit of x?
2
Let q(u) = 2*u**3 + 11*u**2 - 28*u - 2. What is the units digit of q(3)?
7
Let w(a) = -a**2 + 14*a + 16. Let r be w(11). Let i = r + -24. Suppose i = 5*p + 5. What is the units digit of p?
4
Let s(h) = 2*h**2 + 17*h - 10. Let t be (12/10)/(11/(-110)). What is the units digit of s(t)?
4
Suppose -25*d = -5703 - 1922. What is the units digit of d?
5
Let m(q) be the third derivative of -q**6/120 - q**5/20 + q**4/6 - 5*q**3/3 + 32*q**2. What is the units digit of m(-5)?
0
Suppose 5*g = i - 16 - 2, -3*g = -2*i + 15. Let k(c) be the third derivative of c**5/60 - 5*c**4/24 - c**3/3 - 7*c**2 - 7*c. What is the tens digit of k(g)?
2
Let l be ((-5)/30)/(2/(-12)). Let h be (-95)/(-20) + l/4. Suppose -115 - 45 = -h*n. What is the units digit of n?
2
Let z be (-750)/70 - (-4)/(-14). Let i = z - -15. Suppose 3*q = 3*j + 118 - 7, 0 = i*q - 5*j - 153. What is the units digit of q?
2
Let u(b) = -b**2 - 5*b. Let n be u(-4). Suppose -n*a = -2*v - 3*a + 3, -2*a = -2*v + 4. Suppose 2*o + v = 17. What is the units digit of o?
8
Let o(j) = -j**3 - 10*j**2 - 2*j - 6. Let d be o(-11). Let w = d - 88. What is the tens digit of w?
4
Let o = -832 - -1485. What is the units digit of o?
3
Suppose -1124 = -2*s + 196. Suppose 0 = m + 4*m - s. What is the hundreds digit of m?
1
Let h = 4 + -3. Suppose 0 = -0*t + t + h. What is the tens digit of (-20)/t + (0 - -1)?
2
Let p(w) = 8*w**2 - w + 2. Let j be p(-2). Suppose 2*b + 9 = -3*y, -y + 17 + j = -4*b. Let v = b - -25. What is the units digit of v?
3
Let g = -4 + 3. Let s = g - 6. Let o(i) = -i**3 - 8*i**2 - 10*i - 3. What is the units digit of o(s)?
8
Let h(b) be the third derivative of b**5/30 + 5*b**4/12 + 2*b**2 + 38. Suppose -3*j - 3*n - 15 = -0*n, 5*j = -3*n - 29. What is the units digit of h(j)?
8
Suppose 4*i - 58 = -o + 3*o, 2 = 2*o. Suppose 2*p + 1 = -i. Let b = 2 - p. What is the units digit of b?
0
Let r(g) = g**3 - 17*g**2 + 33*g - 8. Let k be r(14). Let l = -89 - k. What is the tens digit of l?
4
Suppose -i - 98 = a, 2*i = -i + 3. Let z = -32 - a. What is the tens digit of z?
6
Let q be (5 + 25)/((-3)/(-2)). Let n = q - 16. What is the units digit of n?
4
Suppose -7*a - a - 296 = 0. Let v be ((-474)/(-9))/((-4)/(-6)). Let r = a + v. What is the tens digit of r?
4
Let n = -7 - 14. Let h = n + 9. Let u = h - -26. What is the tens digit of u?
1
Suppose -3*g = 5*f - 65 - 157, -5*f = 2*g - 223. What is the tens digit of 20/(-90) + 5/(f/308)?
3
What is the thousands digit of 1461 - (10 - (10 - 10))?
1
Let n = 530 - 468. What is the units digit of n?
2
Suppose 76*p = 19*p + 148086. What is the hundreds digit of p?
5
Let d(v) = -5*v**3 - 5*v**2 + 8*v - 28. What is the tens digit of d(-6)?
2
What is the hundreds digit of (-3*7/21)/((-3)/11043)?
6
Let m(g) = g**2 + 5*g + 7. Let v be m(5). Suppose -v = 5*z - 6*z. What is the tens digit of z?
5
Suppose -31 = -3*u - 5*w, -3*w = -0*u - 2*u - 11. Let j(y) = 18*y**3 - 16*y**3 - y - 2*y**2 + 0*y. What is the units digit of j(u)?
6
Let d = -521 - -342. Let r = d - -329. What is the tens digit of r?
5
Suppose -200*u + 202*u - 196 = 0. Let o(t) = -3*t**2 - t - 3. Let g be o(3). Let s = g + u. What is the tens digit of s?
6
Let d(i) = -2*i**2 + 2. Let l be d(1). Suppose 13*t - 16*t + 477 = l. What is the units digit of t?